. Suppose 0 = -c*r + 33. List the prime factors of r.
11
Let f = -1 - -2. Let l be -8*(-1)/2*f. Suppose 0 = y + l*y - 35. List the prime factors of y.
7
Suppose -b - 2*z + 176 = 0, 225 + 544 = 4*b - 5*z. What are the prime factors of b?
2, 3, 31
Suppose 5*k = 2*u - 457, k + 105 + 125 = u. What are the prime factors of u?
3, 7, 11
Suppose -v + 4*y = -3 - 5, -5*y = 4*v - 53. Let n = v - -11. List the prime factors of n.
23
Let r = -78 - -289. Suppose 0 = 5*w + 56 - r. Let b = w - 19. List the prime factors of b.
2, 3
Let j = 33 + -21. Suppose -z - 4*l = -0*z - 12, 0 = -2*z - 2*l + 6. Suppose z = -3*h + 36 - j. What are the prime factors of h?
2
Let q = -11 + 46. Let u = q + -21. What are the prime factors of u?
2, 7
Suppose 3*l - 626 = 4*g, 0 = 5*l - 3*g - 296 - 740. List the prime factors of l.
2, 103
List the prime factors of 0 + -3 - (0 - 5).
2
Suppose -5*o = -938 + 228. List the prime factors of o.
2, 71
Suppose -2*c - 4 = -4*c. Suppose -3*p - c*p = 0. Suppose p = -2*s + 3 + 7. What are the prime factors of s?
5
Suppose 5*x = 3*x. Suppose 4*n + 2*q - 30 = -0*n, x = -2*n - 5*q + 11. What are the prime factors of n?
2
Suppose 4*l + 93 = m, -6 = -2*m + 4*m. Let i = 56 + l. List the prime factors of i.
2
Let v = 115 - 82. Let k be 27/v + 6/33. Suppose 4*o - 27 = k. List the prime factors of o.
7
Let q(g) = -g - 7. Let i be q(-5). Let l be -1 + i + 1 - -12. Let r = l + 4. List the prime factors of r.
2, 7
Let f(h) = -2*h. Let g be f(-2). Suppose 0 = -2*k + 16 + g. Let q(w) = -w**2 + 9*w + 12. What are the prime factors of q(k)?
2
List the prime factors of (552/(-10) - 0)/(150/(-500)).
2, 23
Let j = -10 + 32. List the prime factors of j.
2, 11
Let o(c) = c + 4. Let x(i) = 5 + 2 + i**2 - 1 + 6*i. Let l be x(-4). List the prime factors of o(l).
2
Let g = 44 + -105. Let m = g + 117. List the prime factors of (-6)/(-4)*m/12.
7
Suppose j - 2*v - 98 = -3*v, -4*j - 3*v + 388 = 0. What are the prime factors of j?
2, 47
Suppose 3*c + 10 = 4*c. Let q = c - 4. List the prime factors of q.
2, 3
Suppose 0 = -2*j - 2*j - u + 80, -5*u + 20 = 0. What are the prime factors of j?
19
Let d = 52 + -19. What are the prime factors of d?
3, 11
Let d = 2 - 0. Suppose -d*j + 5 = c, -2*j = -j - 2*c. Suppose 2*q = -j*i, 2*q + 30 = i + 3*i. List the prime factors of i.
5
Let g = -114 - -63. Let i = g + 78. What are the prime factors of i?
3
Let u be (-4 - -8)*(-31)/(-4). Suppose -m + u - 6 = 0. What are the prime factors of m?
5
Suppose -2*x = -4*r + 6, -3*x + 9 = -0*x. Suppose -r*l = 23 + 10. Let u = -4 - l. List the prime factors of u.
7
Let v(t) = t**2 - 9*t - 2. What are the prime factors of v(15)?
2, 11
Let i(b) = 4*b**2 + b - 4. Let p(q) = 3*q**2 + q - 3. Let u(w) = 4*i(w) - 5*p(w). Let z be u(2). Let r = z + 1. What are the prime factors of r?
2
Let o = -178 - -258. Suppose -7*n + 3*n = -o. List the prime factors of n.
2, 5
Let b(v) = 17*v**3 + 2*v**2 - 1. Let u be ((-2)/8)/((-1)/4). What are the prime factors of b(u)?
2, 3
Let f = 12 + -7. Suppose o - 3 = 4*s - 62, 5*s + 170 = -f*o. List the prime factors of 4/8 + o/(-6).
7
Suppose 15 = a + 2*a - 3*t, 2*a + 2*t - 6 = 0. What are the prime factors of -1 + -5 + 4 + a?
2
Let g(z) = -2*z**3 - 3*z**2 + 5*z - 2. What are the prime factors of g(-5)?
2, 37
Suppose -3*q - 105 = 4*h, -3*h + 3*q = -5*h - 57. Let k = h - -41. What are the prime factors of k?
17
Suppose 2*x = -x + 21. List the prime factors of x.
7
Let c(b) = -b**3 - 9*b**2 + 8*b + 2. Let j(r) = 2*r**3 + 10*r**2 - 9*r - 3. Let o(h) = 5*c(h) + 4*j(h). What are the prime factors of o(3)?
2, 23
Let d(c) = 3*c + 3. Let p be d(7). Suppose h = -2*y - 4, 0*h - h + 5*y + p = 0. Suppose h*t = 19 + 29. List the prime factors of t.
2, 3
Let f = 25 + 2. Let s = -13 + f. What are the prime factors of s?
2, 7
Let h(y) = y**2 - 11*y + 6. Let x be h(11). Let c be 9/x + 3/(-2). Suppose -3*z + c*z = -12. What are the prime factors of z?
2
Suppose 5*j + 0*j = 220. Let x = j + 9. Suppose b + 1 = 3*p, -p - x = -3*b - 6*p. List the prime factors of b.
11
Suppose 5*n - 2*y = 16, 5*n + 2*y - 22 = y. What are the prime factors of 9 + 2/n*-2?
2
Suppose y + 1 = 0, -r = -3*y + 10 - 51. What are the prime factors of r?
2, 19
Let b be (3/5)/(5/25). Suppose 0*a - 9 = -b*a. List the prime factors of a.
3
Suppose 0 = -5*l + 15 + 5. List the prime factors of l.
2
Let l(i) = 2*i**2 - 9*i + 12. List the prime factors of l(5).
17
Let o be -3 - -3*2 - -1. Suppose -q + 13 = -r, o*q - 3*r + 8*r = 34. List the prime factors of q.
11
Let z(j) = j**2. Let y be z(0). Suppose 2*o - 10 = -y*o. List the prime factors of o.
5
Suppose 19*c - 15*c = 648. List the prime factors of c.
2, 3
Let p = -2 + 6. List the prime factors of 690/54 - p/(-18).
13
What are the prime factors of (-122)/(-2) + (-6)/2?
2, 29
Let c(v) = v**2 - 2*v - 1. Let j be c(-1). Let x(u) = 0*u**2 - u + j*u + 10*u**2. List the prime factors of x(1).
11
Let s = 6 - -49. What are the prime factors of s?
5, 11
List the prime factors of (564/(-18))/(-2)*24.
2, 47
Let t = 9 - 15. Let a = -2 - t. Suppose 0 = -a*y - 1 + 21. What are the prime factors of y?
5
Suppose -3*o = 0, -232 = -3*b - 4*o + 476. What are the prime factors of b?
2, 59
Suppose 684 = -45*h + 49*h. What are the prime factors of h?
3, 19
Let o(m) = -6*m - 4. Let f be o(-3). Suppose 5*l - f = 4*c, -3*l - 4*c + 4 - 2 = 0. List the prime factors of l.
2
Suppose -4*y = -5*k + 40, y + 2*k + 3*k + 10 = 0. Let o = 20 + y. List the prime factors of o.
2, 5
Let s(z) = z**2 + 2*z + 8. List the prime factors of s(-6).
2
Suppose -5 = 4*i - 49. Let y = -2 - 4. Let n = i + y. List the prime factors of n.
5
Suppose 6*r + 4 - 424 = 0. Suppose q + q = r. What are the prime factors of q?
5, 7
Suppose 0*t + 2*t = 5*o + 64, 4*o - 8 = 0. What are the prime factors of t?
37
Suppose -2*y - y + 4*k = -182, -2*k = 4*y - 206. List the prime factors of y.
2, 3
Let w = 0 + -21. Let u = 0 - w. What are the prime factors of u?
3, 7
Let a(n) = 2*n**2 + 6*n - 10. What are the prime factors of a(3)?
2, 13
Let i be 4 - 6/3 - 0. Let n be -8 + 5 - -1*i. Let u = n + 3. What are the prime factors of u?
2
Suppose -s + 1 = -1. Suppose 4*h + 6 - 3 = -3*q, -3*h = s*q + 2. Suppose -a + 3*z = 7 - 3, h = 2*a - 2*z. List the prime factors of a.
2
Suppose -224 - 19 = -3*s. What are the prime factors of s?
3
Let s(v) be the first derivative of -v**3/3 + 3*v**2 - 3*v + 1. Suppose -2*k = -2*q + 2, -4*k - 9 = -3*q - 7*k. What are the prime factors of s(q)?
5
What are the prime factors of (-3)/(1*(-5)/245)?
3, 7
Suppose -4*a + 105 = a. List the prime factors of a.
3, 7
Let c(o) = o**3 - 9*o**2 + 12*o - 11. Let i be c(8). Let v = -10 + i. List the prime factors of v.
11
Let b = 3 + 1. Let f be (-180)/8 + (-2)/b. Let a = 42 + f. List the prime factors of a.
19
Suppose -262 = -d - 86. What are the prime factors of d?
2, 11
Suppose 3*w - 50 - 22 = 0. List the prime factors of w.
2, 3
Suppose -5*d + 79 = -346. What are the prime factors of d?
5, 17
Let d = 21 - 11. Suppose 18 = -h - 2*h. Let z = h + d. What are the prime factors of z?
2
Suppose 3 = 5*k - 7. Suppose 0 = -k*x + x + 13. List the prime factors of x.
13
Let q(l) = l**3 - 13*l**2 - 2*l + 6. Let s be q(13). Let n = s - -24. List the prime factors of n.
2
Suppose -2*k + 4*k + 12 = 5*g, -7 = -3*k - 5*g. List the prime factors of 8*(1 + 4 + k).
2
Suppose -151 = 5*t - 726. List the prime factors of t.
5, 23
Let l be 0/(-2)*(-10 - -9). Suppose l = p - 10. What are the prime factors of p?
2, 5
Suppose 56 = w + 13. List the prime factors of w.
43
Suppose 2*d + 5*w = -1, -4*d - 5*w = -8 - 5. List the prime factors of d.
7
Let z = 23 + -14. List the prime factors of z.
3
Let d(u) = -3*u - 2. Let x be d(-2). Let f be (x/12)/(1/3). Suppose f - 7 = -p. What are the prime factors of p?
2, 3
Let x(d) = 4*d - 1. Let y be x(1). Let l(m) = m**3 - 1 - m + 8 + y - m**2 - 3. List the prime factors of l(0).
7
Let m(o) = -2*o**3 - 2*o - 1. Let c be m(-1). Suppose 3*a = 4*a - c. List the prime factors of a.
3
Let k(i) = 14*i**3 - i**2 - i. Let d be k(-1). What are the prime factors of (d/(-4))/(4/8)?
7
Suppose 0*t - n = 2*t - 54, 5*t + 5*n = 135. List the prime factors of t.
3
Let k(d) = d**2 - 2*d - 2. Let o be k(-5). Suppose 0 = 5*x - 123 + o. What are the prime factors of x?
2, 3
Suppose -f - 4